
Let r(s) = s**3 - 20*s**2 - 76*s + 74. List the prime factors of r(24).
2, 277
Let y be 11 - (3 - 2) - (-9 - -11). Suppose 8*j = -y*j + 2560. List the prime factors of j.
2, 5
Let s(n) = -116*n**3 - 3*n**2 - 3*n - 1. Suppose -2*i = g - 3, -6*g = 2*i - 3*g + 7. Let c be ((-12)/16)/3*i. List the prime factors of s(c).
5, 23
Let x(l) = 218*l - 1100. List the prime factors of x(37).
2, 3, 43
Suppose k - 2 = 2*h - 3*h, 4 = 2*k + 5*h. Suppose t - 5*x = 717, t = 3*t + k*x - 1482. List the prime factors of t.
11, 67
Let s be (-3 + -10)*(1 - (0 + 14)). Let t be 0 - (-3 + s - 4). Let l = t - -234. List the prime factors of l.
2, 3
Suppose 3*w + 2*m = 217, -3*w + 105 = m - 107. Suppose 0 = 3*u - 483 + w. Let g = u - 60. List the prime factors of g.
2, 3, 13
What are the prime factors of 5*(-12)/990 + (-4104952)/(-264)?
3, 71, 73
Let t(f) = 52*f - 30. Suppose -5*i - 92 = -127. What are the prime factors of t(i)?
2, 167
Suppose -c - 2*r + 4*r = -17, -4*c + 2*r = -44. What are the prime factors of 13529/c - (-110)/(-495)?
3, 167
Suppose l = 5*z - 15, 2*z - 11 - 17 = -4*l. Suppose -4*s + 241 + 65 = 2*q, -628 = -z*q - 4*s. List the prime factors of q.
7, 23
Let m be 36*(21/4 + 4). Suppose 0 = -2*y - 5*l + m, 2*l = 4*y + 4 - 634. What are the prime factors of y?
3, 53
Let z = 6939 + -2395. What are the prime factors of z?
2, 71
Suppose -4*z - 3*y = -155, 2*z - 6*z + 151 = -y. Let p = -33 + z. Suppose -p*l = i - 86, -l = -0*i - 4*i - 34. List the prime factors of l.
2, 3
Suppose -5*y - 2 + 22 = 0, 0 = -2*o + 4*y - 2748. Let r = 2056 + o. List the prime factors of r.
2, 3, 5, 23
Let w(z) be the first derivative of -54*z + 24 + 22/3*z**3 + 13/2*z**2 - 1/4*z**4. What are the prime factors of w(22)?
2, 29
Suppose 549276 = 141*b - 50*b. List the prime factors of b.
2, 3, 503
Suppose 2*q = 4*q + 1126. Let c = -904 - -539. Let f = c - q. List the prime factors of f.
2, 3, 11
Suppose -4*o - 197 = -3*h, h - 69 = -o - 8. What are the prime factors of (-4)/14 + 17217/h?
3, 7, 13
Let v be 408 + 4 + 8/4 + 4. Suppose -28*b + v = -27*b. What are the prime factors of b?
2, 11, 19
Let r(j) = -7*j**3 - j**2 - 30*j - 4. Let f be r(5). Let u = -325 - f. List the prime factors of u.
3
Let s(j) = 3*j**3 - 8*j**2 + 24*j + 42. Let b(r) = 2*r**3 - 4*r**2 + 11*r + 21. Let h(q) = 13*b(q) - 6*s(q). What are the prime factors of h(6)?
3, 13, 41
Let k(i) = i**2 - 3. Let d be k(4). Let p(s) = -s - s**3 - 9*s + 10*s**2 + 4 + 13 + 4*s**2. What are the prime factors of p(d)?
2, 7
Suppose 4260 = -21*s + 25*s. Let v = s - 591. List the prime factors of v.
2, 3, 79
Let u = 12541 + 10204. List the prime factors of u.
5, 4549
Let o = -4025 + 61843. What are the prime factors of o?
2, 28909
Let k(b) = 3815*b - 600. List the prime factors of k(2).
2, 5, 19, 37
Let c(p) = -7*p - 9. Let b be c(0). List the prime factors of b/(-60)*5*508.
3, 127
Let p = 64 + 660. List the prime factors of p.
2, 181
Let w(r) = -18*r**2 + 3. Let n be w(-6). Let b = 1083 + n. List the prime factors of b.
2, 3, 73
Suppose -5*c = c - 18. Suppose -3*u - 43 = -2*s, 0*s - 3*s = c*u - 72. List the prime factors of s.
23
Let z be -2*15/(-6) - -4. Suppose -6461 = -22*h + z*h. What are the prime factors of h?
7, 71
What are the prime factors of ((-128)/6)/(15/(-3590)*(-88)/(-198))?
2, 359
Suppose 32*z = -86*z + 664694. List the prime factors of z.
43, 131
List the prime factors of 4/(-74) - ((-1625944)/296 - -6).
3, 31, 59
Let s = 11713 - -657. What are the prime factors of s?
2, 5, 1237
Let b = -139 - -141. What are the prime factors of 183*(-11)/(-6)*b?
11, 61
Let b(p) = 2*p**2 - 37*p + 16. Let d be b(18). Let s(o) = -7*o - 6. Let c be s(d). What are the prime factors of (-10)/c*604/(-10)*2?
151
Let w(y) = 435*y**2 + 18*y - 18. Suppose -17*x + 6 = -11. List the prime factors of w(x).
3, 5, 29
Let v be 3 + 6/(-9)*-3. Let q(u) be the third derivative of 7*u**4/8 - 2*u**3 - 20*u**2. What are the prime factors of q(v)?
3, 31
Let o = -214 + 340. Let z = 359 - o. What are the prime factors of z?
233
Let g be (-5)/3*192/(-160). Suppose -o = 5*f - 2436, 3*o - 1464 = -f - g*f. List the prime factors of f.
487
Let a(r) = r**3 + 25*r**2 + 35*r + 18. Let c be (3/3 + -22)/((-22)/(-22)). List the prime factors of a(c).
3, 349
Let w = 1 - -39. Suppose -2*o + 4*u + w = -5*o, -2*o = -4*u. List the prime factors of (o/10)/((78/(-765))/13).
2, 3, 17
Let a(p) = -2714*p - 8516. List the prime factors of a(-10).
2, 3, 97
Let g(y) = 19594*y**2 + 282*y - 565. List the prime factors of g(2).
3, 5, 11, 19
Let p = -20078 - -45873. List the prime factors of p.
5, 7, 11, 67
Let j be -6 - ((-612)/(-9))/(-4). Suppose -4*v + 4 = 2*p + 12, -5*p - 60 = 2*v. List the prime factors of 2*87 - (j + p).
3, 59
Let w(d) = -d**3 - 8*d**2 - 12*d - 2. Let n be w(-3). Let t(b) = b**3 + 14*b**2 + 19*b - 5. What are the prime factors of t(n)?
149
Let l = -42 - -47. Let w(g) = 3*g - 6. Let c be w(l). Let s = c - -61. List the prime factors of s.
2, 5, 7
Suppose 29*b + 326837 - 67383 = 55*b. List the prime factors of b.
17, 587
Let p(i) = -399*i**3 + 33*i**2 + 158*i - 19. What are the prime factors of p(-5)?
49891
Let s(f) be the first derivative of f**4/4 + 4*f**3 - f**2/2 - 9*f - 5. Let c be s(-12). Suppose 415 = 8*w - c*w. List the prime factors of w.
83
Let n(z) = z**2 + 5*z + 6. Let f(h) = 4 + 1 + 5*h - 4*h**2 - 10. Let l be f(2). What are the prime factors of n(l)?
2, 3
Let o = -10125 + 14228. List the prime factors of o.
11, 373
Suppose -g - 3*l + 19 = 0, 4*g - 36 = -4*l - 0*l. Suppose -1719 - 13 = -g*j. List the prime factors of j.
433
Let k = 182 - -34. Let y = 220 - 350. Let o = k + y. List the prime factors of o.
2, 43
Let h = -2708 - -4072. Suppose -24*p + h + 5860 = 0. List the prime factors of p.
7, 43
Suppose -z - 937 = 2*h, h - z + 287 = -189. Let w = h - -596. What are the prime factors of w?
5
Let m = 5636 + -3980. What are the prime factors of m?
2, 3, 23
Let t be (10660/(-40))/(1 + 1/(-2)). Let f = t + 1016. What are the prime factors of f?
3, 7, 23
Let v(h) = 473*h**2 - 41*h - 117. List the prime factors of v(-3).
3, 7, 29
Let l be 22*(4 - (-336)/(-88)). Suppose 10 = 5*o + 5, 0 = -l*x - 2*o + 1522. List the prime factors of x.
2, 5, 19
What are the prime factors of 37388/(-14 - -27) + 2?
2, 1439
List the prime factors of 2/((-3433149)/(-171657) + -20).
2, 19073
Let h be (-18)/135 - 296/30. List the prime factors of 25/h*(-40)/4.
5
Let n = -894 + 889. What are the prime factors of 198/(-3)*n + 4 + 2?
2, 3, 7
What are the prime factors of 6 - ((-1088 - 8) + 8)?
2, 547
Suppose 35*a = 9*a + 221052. What are the prime factors of a?
2, 3, 13, 109
Suppose -a + 19*k = 16*k - 6878, -2*a = -k - 13741. What are the prime factors of a?
6869
Suppose 20*x = -19230 - 19470. Let q = 2962 + x. What are the prime factors of q?
13, 79
Let m = 25546 + -7703. List the prime factors of m.
7, 2549
Suppose 0 = f + 3*y + 62, -f - 2*y - 61 = -3. Let k = 214 - f. List the prime factors of k.
2, 3, 11
Suppose -4*p - 5*m + 12 = -0*p, 4 = 4*p + 3*m. Let c = p - -7. Suppose -5*h + 3*v = -272, 5*h + 83 = c*v + 363. What are the prime factors of h?
2, 13
Suppose 656 = 2*b - 652. Let c = b - 368. List the prime factors of c.
2, 11, 13
Let h(a) = -42*a - 5. Suppose -5*o + 10 = 0, 2*x + 4*o - 8 - 2 = 0. Let p be (x - (5 - 1)) + 0 + 0. What are the prime factors of h(p)?
11
Suppose -3*i + u = -6, 4*i + 4*u - 7 = 1. List the prime factors of (29906/(-152))/(i/(-8)).
787
Suppose -9*r - 524 = 43. Let a = r - -61. What are the prime factors of 2/5*(391 + (-3 - a))?
2, 3, 13
Let b(a) = 18*a - 7. Let x be b(-1). List the prime factors of 10*(-10)/x - -3.
7
Let a = 13423 + -2220. List the prime factors of a.
17, 659
Let o be (9/(-9))/(54/26 - 2). Let s(q) be the second derivative of -2*q**3 - 19*q**2/2 - 16*q. List the prime factors of s(o).
137
Suppose -p + 3*a - 949 = 0, 9*a = -3*p + 13*a - 2827. Let q = p + 1488. What are the prime factors of q?
19, 29
List the prime factors of (-7)/21 + (-559375)/(-75).
2, 3, 11, 113
Let a = 25 + -30. Let h(r) = -8*r - 36. Let u be h(a). Suppose 0 = -u*q + 60 + 52. List the prime factors of q.
2, 7
Suppose -36678 - 24846 = -42*z + 75396. What are the prime factors of z?
2, 5, 163
Let v be -111*5/(-15)*-1. Let w(x) = -x**2 - 59*x + 143. List the prime factors